{"id":598,"date":"2022-04-23T13:12:24","date_gmt":"2022-04-23T11:12:24","guid":{"rendered":"https:\/\/www.myjeedhome.ovh\/?page_id=598"},"modified":"2024-01-08T11:51:06","modified_gmt":"2024-01-08T10:51:06","slug":"publications","status":"publish","type":"page","link":"https:\/\/www.psychopathoado-bordeaux.fr\/index.php\/publications\/","title":{"rendered":"Publications"},"content":{"rendered":"\t\t<div data-elementor-type=\"wp-page\" data-elementor-id=\"598\" class=\"elementor elementor-598\" data-elementor-post-type=\"page\">\n\t\t\t\t<div class=\"elementor-element elementor-element-bb64a9f e-flex e-con-boxed e-con e-parent\" data-id=\"bb64a9f\" data-element_type=\"container\">\n\t\t\t\t\t<div class=\"e-con-inner\">\n\t\t\t\t<div class=\"elementor-element elementor-element-a413d46 elementor-grid-1 elementor-grid-tablet-2 elementor-grid-mobile-1 elementor-widget elementor-widget-loop-grid\" data-id=\"a413d46\" data-element_type=\"widget\" data-settings=\"{&quot;template_id&quot;:1554,&quot;columns&quot;:1,&quot;_skin&quot;:&quot;post&quot;,&quot;columns_tablet&quot;:&quot;2&quot;,&quot;columns_mobile&quot;:&quot;1&quot;,&quot;edit_handle_selector&quot;:&quot;[data-elementor-type=\\&quot;loop-item\\&quot;]&quot;,&quot;row_gap&quot;:{&quot;unit&quot;:&quot;px&quot;,&quot;size&quot;:&quot;&quot;,&quot;sizes&quot;:[]},&quot;row_gap_tablet&quot;:{&quot;unit&quot;:&quot;px&quot;,&quot;size&quot;:&quot;&quot;,&quot;sizes&quot;:[]},&quot;row_gap_mobile&quot;:{&quot;unit&quot;:&quot;px&quot;,&quot;size&quot;:&quot;&quot;,&quot;sizes&quot;:[]}}\" data-widget_type=\"loop-grid.post\">\n\t\t\t\t<div class=\"elementor-widget-container\">\n\t\t\t\t\t\t\t<div class=\"elementor-loop-container elementor-grid\" role=\"list\">\n\t\t<style id=\"loop-1554\">.elementor-1554 .elementor-element.elementor-element-7888b59{--display:flex;--flex-direction:column;--container-widget-width:100%;--container-widget-height:initial;--container-widget-flex-grow:0;--container-widget-align-self:initial;--flex-wrap-mobile:wrap;}.elementor-widget-theme-post-title .elementor-heading-title{font-family:var( --e-global-typography-primary-font-family ), Sans-serif;font-weight:var( --e-global-typography-primary-font-weight );color:var( --e-global-color-primary );}.elementor-widget-theme-post-content{color:var( --e-global-color-text );font-family:var( --e-global-typography-text-font-family ), Sans-serif;font-weight:var( --e-global-typography-text-font-weight );}<\/style>\t\t<div data-elementor-type=\"loop-item\" data-elementor-id=\"1554\" class=\"elementor elementor-1554 e-loop-item e-loop-item-1473 post-1473 post type-post status-publish format-standard has-post-thumbnail hentry category-historique-des-evenements category-publications\" data-elementor-post-type=\"elementor_library\" data-custom-edit-handle=\"1\">\n\t\t\t<div class=\"elementor-element elementor-element-7888b59 e-flex e-con-boxed e-con e-parent\" data-id=\"7888b59\" data-element_type=\"container\">\n\t\t\t\t\t<div class=\"e-con-inner\">\n\t\t\t\t<div class=\"elementor-element elementor-element-169b604 elementor-widget elementor-widget-theme-post-title elementor-page-title elementor-widget-heading\" data-id=\"169b604\" data-element_type=\"widget\" data-widget_type=\"theme-post-title.default\">\n\t\t\t\t<div class=\"elementor-widget-container\">\n\t\t\t\t\t<h5 class=\"elementor-heading-title elementor-size-default\"><a href=\"https:\/\/www.psychopathoado-bordeaux.fr\/index.php\/2023\/08\/01\/rencontres-du-capa-2023\/\">Rencontres du CAPA 2023<\/a><\/h5>\t\t\t\t<\/div>\n\t\t\t\t<\/div>\n\t\t\t\t<div class=\"elementor-element elementor-element-cde6767 elementor-widget elementor-widget-theme-post-content\" data-id=\"cde6767\" data-element_type=\"widget\" data-widget_type=\"theme-post-content.default\">\n\t\t\t\t<div class=\"elementor-widget-container\">\n\t\t\t\t\t\t\t<div data-elementor-type=\"wp-post\" data-elementor-id=\"1473\" class=\"elementor elementor-1473\" data-elementor-post-type=\"post\">\n\t\t\t\t<div class=\"elementor-element elementor-element-655395d e-con-full e-flex e-con e-parent\" data-id=\"655395d\" data-element_type=\"container\">\n\t\t<div class=\"elementor-element elementor-element-abb5eae e-flex e-con-boxed e-con e-child\" data-id=\"abb5eae\" data-element_type=\"container\">\n\t\t\t\t\t<div class=\"e-con-inner\">\n\t\t\t\t<div class=\"elementor-element elementor-element-234e78b elementor-widget elementor-widget-text-editor\" data-id=\"234e78b\" data-element_type=\"widget\" data-widget_type=\"text-editor.default\">\n\t\t\t\t<div class=\"elementor-widget-container\">\n\t\t\t\t\t\t\t\t\t<p><span style=\"color: var( --e-global-color-text ); font-family: var( --e-global-typography-text-font-family ), Sans-serif; font-size: 1rem; font-weight: var( --e-global-typography-text-font-weight ); text-align: var(--text-align);\">\u00ab APPORTS DE LA PSYCHANALYSE DANS LA CLINIQUE ADOLESCENTE &#8211; Penser les soins en institution en temps de crise\u2026 \u00bb\u00a0<\/span><\/p><p><span style=\"color: var( --e-global-color-text ); font-family: var( --e-global-typography-text-font-family ), Sans-serif; font-size: 1rem; font-weight: var( --e-global-typography-text-font-weight ); text-align: var(--text-align);\">(cliquez sur les titres pour les t\u00e9l\u00e9charger.)<\/span><\/p><p><a href=\"https:\/\/www.psychopathoado-bordeaux.fr\/wp-content\/uploads\/2024\/01\/2023-OUVERTURE-des-RENCONTRES-du-CAPA-Site.pdf\">Jean-Luc FABRE &#8211; Ouverture\u00a0<\/a><\/p><p><a href=\"https:\/\/www.psychopathoado-bordeaux.fr\/wp-content\/uploads\/2024\/01\/PICARD-Jean-Introduction-RENCONTRES-DU-CAPA-2023-Site.pdf\">Jean PICARD &#8211; Introduction<\/a><\/p><p><a href=\"https:\/\/www.psychopathoado-bordeaux.fr\/wp-content\/uploads\/2023\/12\/DELION-Pierre-La-constellation-transferentielle-au-service-de-ladolescent_Rencontres-du-CAPA_2.12.2023.pdf\">Pierre DELION &#8211; \u00ab La constellation transf\u00e9rentielle au service de l\u2019adolescent \u00bb ;<\/a><\/p><p><a href=\"https:\/\/www.psychopathoado-bordeaux.fr\/wp-content\/uploads\/2023\/12\/DENIS-Paul-De-la-sexualite-a-la-periode-de-latence-a-la-sexualite-adolescente-RENCONTRES-CAPA-2023.pdf\">Paul DENIS\u00a0 &#8211; \u00ab De la sexualit\u00e9 latente \u00e0 la sexualit\u00e9 adolescente \u00bb.\u00a0<\/a><\/p><p><a href=\"https:\/\/www.psychopathoado-bordeaux.fr\/wp-content\/uploads\/2024\/01\/CAULE-Emmanuelle-CONCLUSIONS-rencontres-CAPA-23-Site.pdf\">Emmanuelle CAULE &#8211; Conclusion<\/a><\/p>\t\t\t\t\t\t\t\t<\/div>\n\t\t\t\t<\/div>\n\t\t\t\t\t<\/div>\n\t\t\t\t<\/div>\n\t\t\t\t<\/div>\n\t\t<div class=\"elementor-element elementor-element-0e5bcaa e-flex e-con-boxed e-con e-parent\" data-id=\"0e5bcaa\" data-element_type=\"container\">\n\t\t\t\t\t<div class=\"e-con-inner\">\n\t\t\t\t<div class=\"elementor-element elementor-element-3656ab2 elementor-widget elementor-widget-image\" data-id=\"3656ab2\" data-element_type=\"widget\" data-widget_type=\"image.default\">\n\t\t\t\t<div class=\"elementor-widget-container\">\n\t\t\t\t\t\t\t\t\t\t\t\t\t\t\t<img fetchpriority=\"high\" fetchpriority=\"high\" decoding=\"async\" width=\"800\" height=\"956\" src=\"https:\/\/www.psychopathoado-bordeaux.fr\/wp-content\/uploads\/2023\/08\/affiiche-programme-857x1024.png\" class=\"attachment-large size-large wp-image-1482\" alt=\"\" srcset=\"https:\/\/www.psychopathoado-bordeaux.fr\/wp-content\/uploads\/2023\/08\/affiiche-programme-857x1024.png 857w, https:\/\/www.psychopathoado-bordeaux.fr\/wp-content\/uploads\/2023\/08\/affiiche-programme-251x300.png 251w, https:\/\/www.psychopathoado-bordeaux.fr\/wp-content\/uploads\/2023\/08\/affiiche-programme-768x918.png 768w, https:\/\/www.psychopathoado-bordeaux.fr\/wp-content\/uploads\/2023\/08\/affiiche-programme.png 985w\" sizes=\"(max-width: 800px) 100vw, 800px\" \/>\t\t\t\t\t\t\t\t\t\t\t\t\t\t\t<\/div>\n\t\t\t\t<\/div>\n\t\t\t\t\t<\/div>\n\t\t\t\t<\/div>\n\t\t\t\t<\/div>\n\t\t\t\t\t\t<\/div>\n\t\t\t\t<\/div>\n\t\t\t\t\t<\/div>\n\t\t\t\t<\/div>\n\t\t\t\t<\/div>\n\t\t\t\t<\/div>\n\t\t\n\t\t\t\t\t\t<\/div>\n\t\t\t\t<\/div>\n\t\t\t\t\t<\/div>\n\t\t\t\t<\/div>\n\t\t\t\t<\/div>\n\t\t","protected":false},"excerpt":{"rendered":"","protected":false},"author":1,"featured_media":0,"parent":0,"menu_order":0,"comment_status":"closed","ping_status":"closed","template":"","meta":{"footnotes":""},"class_list":["post-598","page","type-page","status-publish","hentry"],"yoast_head":"<!-- This site is optimized with the Yoast SEO plugin v26.2 - https:\/\/yoast.com\/wordpress\/plugins\/seo\/ -->\n<title>Publications - CAPA<\/title>\n<meta name=\"robots\" content=\"index, follow, max-snippet:-1, max-image-preview:large, max-video-preview:-1\" \/>\n<link rel=\"canonical\" href=\"https:\/\/www.psychopathoado-bordeaux.fr\/index.php\/publications\/\" \/>\n<meta property=\"og:locale\" content=\"fr_FR\" \/>\n<meta property=\"og:type\" content=\"article\" \/>\n<meta property=\"og:title\" content=\"Publications - CAPA\" \/>\n<meta property=\"og:url\" content=\"https:\/\/www.psychopathoado-bordeaux.fr\/index.php\/publications\/\" \/>\n<meta property=\"og:site_name\" content=\"CAPA\" \/>\n<meta property=\"article:modified_time\" content=\"2024-01-08T10:51:06+00:00\" \/>\n<meta name=\"twitter:card\" content=\"summary_large_image\" \/>\n<meta name=\"twitter:label1\" content=\"Dur\u00e9e de lecture estim\u00e9e\" \/>\n\t<meta name=\"twitter:data1\" content=\"1 minute\" \/>\n<script type=\"application\/ld+json\" class=\"yoast-schema-graph\">{\"@context\":\"https:\/\/schema.org\",\"@graph\":[{\"@type\":\"WebPage\",\"@id\":\"https:\/\/www.psychopathoado-bordeaux.fr\/index.php\/publications\/\",\"url\":\"https:\/\/www.psychopathoado-bordeaux.fr\/index.php\/publications\/\",\"name\":\"Publications - CAPA\",\"isPartOf\":{\"@id\":\"https:\/\/www.psychopathoado-bordeaux.fr\/#website\"},\"datePublished\":\"2022-04-23T11:12:24+00:00\",\"dateModified\":\"2024-01-08T10:51:06+00:00\",\"breadcrumb\":{\"@id\":\"https:\/\/www.psychopathoado-bordeaux.fr\/index.php\/publications\/#breadcrumb\"},\"inLanguage\":\"fr-FR\",\"potentialAction\":[{\"@type\":\"ReadAction\",\"target\":[\"https:\/\/www.psychopathoado-bordeaux.fr\/index.php\/publications\/\"]}]},{\"@type\":\"BreadcrumbList\",\"@id\":\"https:\/\/www.psychopathoado-bordeaux.fr\/index.php\/publications\/#breadcrumb\",\"itemListElement\":[{\"@type\":\"ListItem\",\"position\":1,\"name\":\"Accueil\",\"item\":\"https:\/\/www.psychopathoado-bordeaux.fr\/\"},{\"@type\":\"ListItem\",\"position\":2,\"name\":\"Publications\"}]},{\"@type\":\"WebSite\",\"@id\":\"https:\/\/www.psychopathoado-bordeaux.fr\/#website\",\"url\":\"https:\/\/www.psychopathoado-bordeaux.fr\/\",\"name\":\"CAPA - Coll\u00e8ge Aquitain de Psychopathologie de l'Adolescent\",\"description\":\"Coll\u00e8ge Aquitain de Psychopathologie de l&#039;Adolescent\",\"publisher\":{\"@id\":\"https:\/\/www.psychopathoado-bordeaux.fr\/#organization\"},\"potentialAction\":[{\"@type\":\"SearchAction\",\"target\":{\"@type\":\"EntryPoint\",\"urlTemplate\":\"https:\/\/www.psychopathoado-bordeaux.fr\/?s={search_term_string}\"},\"query-input\":{\"@type\":\"PropertyValueSpecification\",\"valueRequired\":true,\"valueName\":\"search_term_string\"}}],\"inLanguage\":\"fr-FR\"},{\"@type\":\"Organization\",\"@id\":\"https:\/\/www.psychopathoado-bordeaux.fr\/#organization\",\"name\":\"CAPA - Coll\u00e8ge Aquitain de Psychopathologie de l'Adolescent\",\"url\":\"https:\/\/www.psychopathoado-bordeaux.fr\/\",\"logo\":{\"@type\":\"ImageObject\",\"inLanguage\":\"fr-FR\",\"@id\":\"https:\/\/www.psychopathoado-bordeaux.fr\/#\/schema\/logo\/image\/\",\"url\":\"https:\/\/www.psychopathoado-bordeaux.fr\/wp-content\/uploads\/2022\/02\/logo-true-blue3-1.png\",\"contentUrl\":\"https:\/\/www.psychopathoado-bordeaux.fr\/wp-content\/uploads\/2022\/02\/logo-true-blue3-1.png\",\"width\":301,\"height\":300,\"caption\":\"CAPA - Coll\u00e8ge Aquitain de Psychopathologie de l'Adolescent\"},\"image\":{\"@id\":\"https:\/\/www.psychopathoado-bordeaux.fr\/#\/schema\/logo\/image\/\"}}]}<\/script>\n<!-- \/ Yoast SEO plugin. -->","yoast_head_json":{"title":"Publications - CAPA","robots":{"index":"index","follow":"follow","max-snippet":"max-snippet:-1","max-image-preview":"max-image-preview:large","max-video-preview":"max-video-preview:-1"},"canonical":"https:\/\/www.psychopathoado-bordeaux.fr\/index.php\/publications\/","og_locale":"fr_FR","og_type":"article","og_title":"Publications - CAPA","og_url":"https:\/\/www.psychopathoado-bordeaux.fr\/index.php\/publications\/","og_site_name":"CAPA","article_modified_time":"2024-01-08T10:51:06+00:00","twitter_card":"summary_large_image","twitter_misc":{"Dur\u00e9e de lecture estim\u00e9e":"1 minute"},"schema":{"@context":"https:\/\/schema.org","@graph":[{"@type":"WebPage","@id":"https:\/\/www.psychopathoado-bordeaux.fr\/index.php\/publications\/","url":"https:\/\/www.psychopathoado-bordeaux.fr\/index.php\/publications\/","name":"Publications - CAPA","isPartOf":{"@id":"https:\/\/www.psychopathoado-bordeaux.fr\/#website"},"datePublished":"2022-04-23T11:12:24+00:00","dateModified":"2024-01-08T10:51:06+00:00","breadcrumb":{"@id":"https:\/\/www.psychopathoado-bordeaux.fr\/index.php\/publications\/#breadcrumb"},"inLanguage":"fr-FR","potentialAction":[{"@type":"ReadAction","target":["https:\/\/www.psychopathoado-bordeaux.fr\/index.php\/publications\/"]}]},{"@type":"BreadcrumbList","@id":"https:\/\/www.psychopathoado-bordeaux.fr\/index.php\/publications\/#breadcrumb","itemListElement":[{"@type":"ListItem","position":1,"name":"Accueil","item":"https:\/\/www.psychopathoado-bordeaux.fr\/"},{"@type":"ListItem","position":2,"name":"Publications"}]},{"@type":"WebSite","@id":"https:\/\/www.psychopathoado-bordeaux.fr\/#website","url":"https:\/\/www.psychopathoado-bordeaux.fr\/","name":"CAPA - Coll\u00e8ge Aquitain de Psychopathologie de l'Adolescent","description":"Coll\u00e8ge Aquitain de Psychopathologie de l&#039;Adolescent","publisher":{"@id":"https:\/\/www.psychopathoado-bordeaux.fr\/#organization"},"potentialAction":[{"@type":"SearchAction","target":{"@type":"EntryPoint","urlTemplate":"https:\/\/www.psychopathoado-bordeaux.fr\/?s={search_term_string}"},"query-input":{"@type":"PropertyValueSpecification","valueRequired":true,"valueName":"search_term_string"}}],"inLanguage":"fr-FR"},{"@type":"Organization","@id":"https:\/\/www.psychopathoado-bordeaux.fr\/#organization","name":"CAPA - Coll\u00e8ge Aquitain de Psychopathologie de l'Adolescent","url":"https:\/\/www.psychopathoado-bordeaux.fr\/","logo":{"@type":"ImageObject","inLanguage":"fr-FR","@id":"https:\/\/www.psychopathoado-bordeaux.fr\/#\/schema\/logo\/image\/","url":"https:\/\/www.psychopathoado-bordeaux.fr\/wp-content\/uploads\/2022\/02\/logo-true-blue3-1.png","contentUrl":"https:\/\/www.psychopathoado-bordeaux.fr\/wp-content\/uploads\/2022\/02\/logo-true-blue3-1.png","width":301,"height":300,"caption":"CAPA - Coll\u00e8ge Aquitain de Psychopathologie de l'Adolescent"},"image":{"@id":"https:\/\/www.psychopathoado-bordeaux.fr\/#\/schema\/logo\/image\/"}}]}},"_links":{"self":[{"href":"https:\/\/www.psychopathoado-bordeaux.fr\/index.php\/wp-json\/wp\/v2\/pages\/598","targetHints":{"allow":["GET"]}}],"collection":[{"href":"https:\/\/www.psychopathoado-bordeaux.fr\/index.php\/wp-json\/wp\/v2\/pages"}],"about":[{"href":"https:\/\/www.psychopathoado-bordeaux.fr\/index.php\/wp-json\/wp\/v2\/types\/page"}],"author":[{"embeddable":true,"href":"https:\/\/www.psychopathoado-bordeaux.fr\/index.php\/wp-json\/wp\/v2\/users\/1"}],"replies":[{"embeddable":true,"href":"https:\/\/www.psychopathoado-bordeaux.fr\/index.php\/wp-json\/wp\/v2\/comments?post=598"}],"version-history":[{"count":13,"href":"https:\/\/www.psychopathoado-bordeaux.fr\/index.php\/wp-json\/wp\/v2\/pages\/598\/revisions"}],"predecessor-version":[{"id":1566,"href":"https:\/\/www.psychopathoado-bordeaux.fr\/index.php\/wp-json\/wp\/v2\/pages\/598\/revisions\/1566"}],"wp:attachment":[{"href":"https:\/\/www.psychopathoado-bordeaux.fr\/index.php\/wp-json\/wp\/v2\/media?parent=598"}],"curies":[{"name":"wp","href":"https:\/\/api.w.org\/{rel}","templated":true}]}}